{"id":1808,"date":"2021-03-24T18:01:18","date_gmt":"2021-03-24T18:01:18","guid":{"rendered":"https:\/\/www.deliziedellealpi.it\/?post_type=product&#038;p=1808"},"modified":"2025-11-27T13:32:21","modified_gmt":"2025-11-27T13:32:21","slug":"alpe-pragas-composta-di-lampone-e-rabarbaro","status":"publish","type":"product","link":"https:\/\/www.deliziedellealpi.it\/fr\/product\/alpe-pragas-composta-di-lampone-e-rabarbaro\/","title":{"rendered":"Alpe Pragas \u2013 Composta di Lampone e Rabarbaro da 335 gr."},"content":{"rendered":"<h2 style=\"text-align: center;\">Scheda Tecnica \u2013 Composta di Lampone e Rabarbaro<\/h2>\n<p><img fetchpriority=\"high\" decoding=\"async\" class=\"aligncenter size-full wp-image-1809\" src=\"https:\/\/www.deliziedellealpi.it\/wp-content\/uploads\/2021\/03\/Scheda-tecnica-Lampone-e-Rabarbaro.jpg\" alt=\"\" width=\"804\" height=\"748\" srcset=\"https:\/\/www.deliziedellealpi.it\/wp-content\/uploads\/2021\/03\/Scheda-tecnica-Lampone-e-Rabarbaro.jpg 804w, https:\/\/www.deliziedellealpi.it\/wp-content\/uploads\/2021\/03\/Scheda-tecnica-Lampone-e-Rabarbaro-300x279.jpg 300w, https:\/\/www.deliziedellealpi.it\/wp-content\/uploads\/2021\/03\/Scheda-tecnica-Lampone-e-Rabarbaro-768x715.jpg 768w, https:\/\/www.deliziedellealpi.it\/wp-content\/uploads\/2021\/03\/Scheda-tecnica-Lampone-e-Rabarbaro-13x12.jpg 13w, https:\/\/www.deliziedellealpi.it\/wp-content\/uploads\/2021\/03\/Scheda-tecnica-Lampone-e-Rabarbaro-600x558.jpg 600w\" sizes=\"(max-width: 804px) 100vw, 804px\" \/><\/p>","protected":false},"excerpt":{"rendered":"<p>Nos confitures de fruits.<br \/>\nNos compotes de fruits.\nUne grande vari\u00e9t\u00e9 de merveilleux plaisirs de fruits et de fra\u00eecheur naturelle. R\u00e9interpr\u00e9t\u00e9 selon des recettes ancestrales de la maison et \u00e9labor\u00e9 dans notre laboratoire avec des techniques d\u00e9licates et respectueuses, pour le plus grand plaisir de tous les gourmets. Nos compotes de fruits se caract\u00e9risent par leurs ar\u00f4mes fruit\u00e9s, leur go\u00fbt authentique, leur faible teneur en sucre et leur faible teneur en calories.<br \/>\n<strong>Saveur \u00e0 la framboise et \u00e0 la rhubarbe<\/strong><br \/>\nCompote de framboises et de fruits de rhubarbe - framboises aromatiques combin\u00e9es \u00e0 l'incomparable rhubarbe des Dolomites. La vari\u00e9t\u00e9 \u00abWillamette\u00bb utilis\u00e9e par l'Alpe Pragas appartient aux framboises d'\u00e9t\u00e9 et se caract\u00e9rise par un ar\u00f4me particuli\u00e8rement intense. La rhubarbe contient beaucoup d'eau et est donc peu calorique. Il contient \u00e9galement beaucoup de vitamine C, de calcium, de fer, de potassium et de magn\u00e9sium. Id\u00e9al pour couvrir une des portions quotidiennes de l\u00e9gumes. Nos compotes de fruits sont conserv\u00e9es par une pasteurisation minutieuse et sont exemptes de conservateurs et de colorants.<br \/>\n<strong>Nos conseils<br \/>\n<\/strong>Excellent pour le petit d\u00e9jeuner sur du pain, avec du yaourt nature ou pour raffiner les desserts.<\/p>","protected":false},"featured_media":1811,"comment_status":"open","ping_status":"closed","template":"","meta":{"site-sidebar-layout":"default","site-content-layout":"default","ast-site-content-layout":"default","site-content-style":"default","site-sidebar-style":"default","ast-global-header-display":"","ast-banner-title-visibility":"","ast-main-header-display":"","ast-hfb-above-header-display":"","ast-hfb-below-header-display":"","ast-hfb-mobile-header-display":"","site-post-title":"","ast-breadcrumbs-content":"","ast-featured-img":"","footer-sml-layout":"","ast-disable-related-posts":"","theme-transparent-header-meta":"default","adv-header-id-meta":"","stick-header-meta":"default","header-above-stick-meta":"","header-main-stick-meta":"","header-below-stick-meta":"","astra-migrate-meta-layouts":"default","ast-page-background-enabled":"default","ast-page-background-meta":{"desktop":{"background-color":"","background-image":"","background-repeat":"repeat","background-position":"center center","background-size":"auto","background-attachment":"scroll","background-type":"","background-media":"","overlay-type":"","overlay-color":"","overlay-opacity":"","overlay-gradient":""},"tablet":{"background-color":"","background-image":"","background-repeat":"repeat","background-position":"center center","background-size":"auto","background-attachment":"scroll","background-type":"","background-media":"","overlay-type":"","overlay-color":"","overlay-opacity":"","overlay-gradient":""},"mobile":{"background-color":"","background-image":"","background-repeat":"repeat","background-position":"center center","background-size":"auto","background-attachment":"scroll","background-type":"","background-media":"","overlay-type":"","overlay-color":"","overlay-opacity":"","overlay-gradient":""}},"ast-content-background-meta":{"desktop":{"background-color":"var(--ast-global-color-5)","background-image":"","background-repeat":"repeat","background-position":"center center","background-size":"auto","background-attachment":"scroll","background-type":"","background-media":"","overlay-type":"","overlay-color":"","overlay-opacity":"","overlay-gradient":""},"tablet":{"background-color":"var(--ast-global-color-5)","background-image":"","background-repeat":"repeat","background-position":"center center","background-size":"auto","background-attachment":"scroll","background-type":"","background-media":"","overlay-type":"","overlay-color":"","overlay-opacity":"","overlay-gradient":""},"mobile":{"background-color":"var(--ast-global-color-5)","background-image":"","background-repeat":"repeat","background-position":"center center","background-size":"auto","background-attachment":"scroll","background-type":"","background-media":"","overlay-type":"","overlay-color":"","overlay-opacity":"","overlay-gradient":""}}},"product_brand":[],"product_cat":[31,32],"product_tag":[],"class_list":["post-1808","product","type-product","status-publish","has-post-thumbnail","product_cat-alpe-pragas","product_cat-composte","desktop-align-left","tablet-align-left","mobile-align-left","ast-product-gallery-layout-horizontal-slider","ast-product-tabs-layout-horizontal","first","outofstock","taxable","shipping-taxable","purchasable","product-type-simple"],"jetpack_sharing_enabled":true,"_links":{"self":[{"href":"https:\/\/www.deliziedellealpi.it\/fr\/wp-json\/wp\/v2\/product\/1808","targetHints":{"allow":["GET"]}}],"collection":[{"href":"https:\/\/www.deliziedellealpi.it\/fr\/wp-json\/wp\/v2\/product"}],"about":[{"href":"https:\/\/www.deliziedellealpi.it\/fr\/wp-json\/wp\/v2\/types\/product"}],"replies":[{"embeddable":true,"href":"https:\/\/www.deliziedellealpi.it\/fr\/wp-json\/wp\/v2\/comments?post=1808"}],"wp:featuredmedia":[{"embeddable":true,"href":"https:\/\/www.deliziedellealpi.it\/fr\/wp-json\/wp\/v2\/media\/1811"}],"wp:attachment":[{"href":"https:\/\/www.deliziedellealpi.it\/fr\/wp-json\/wp\/v2\/media?parent=1808"}],"wp:term":[{"taxonomy":"product_brand","embeddable":true,"href":"https:\/\/www.deliziedellealpi.it\/fr\/wp-json\/wp\/v2\/product_brand?post=1808"},{"taxonomy":"product_cat","embeddable":true,"href":"https:\/\/www.deliziedellealpi.it\/fr\/wp-json\/wp\/v2\/product_cat?post=1808"},{"taxonomy":"product_tag","embeddable":true,"href":"https:\/\/www.deliziedellealpi.it\/fr\/wp-json\/wp\/v2\/product_tag?post=1808"}],"curies":[{"name":"wp","href":"https:\/\/api.w.org\/{rel}","templated":true}]}}

<p>Nos confitures de fruits.<br />
Nos compotes de fruits.
Une grande variété de merveilleux plaisirs de fruits et de fraîcheur naturelle. Réinterprété selon des recettes ancestrales de la maison et élaboré dans notre laboratoire avec des techniques délicates et respectueuses, pour le plus grand plaisir de tous les gourmets. Nos compotes de fruits se caractérisent par leurs arômes fruités, leur goût authentique, leur faible teneur en sucre et leur faible teneur en calories.<br />
<strong>Saveur à la framboise et à la rhubarbe</strong><br />
Compote de framboises et de fruits de rhubarbe - framboises aromatiques combinées à l'incomparable rhubarbe des Dolomites. La variété «Willamette» utilisée par l'Alpe Pragas appartient aux framboises d'été et se caractérise par un arôme particulièrement intense. La rhubarbe contient beaucoup d'eau et est donc peu calorique. Il contient également beaucoup de vitamine C, de calcium, de fer, de potassium et de magnésium. Idéal pour couvrir une des portions quotidiennes de légumes. Nos compotes de fruits sont conservées par une pasteurisation minutieuse et sont exemptes de conservateurs et de colorants.<br />
<strong>Nos conseils<br />
</strong>Excellent pour le petit déjeuner sur du pain, avec du yaourt nature ou pour raffiner les desserts.</p>
