{"id":1399,"date":"2020-11-21T08:21:02","date_gmt":"2020-11-21T08:21:02","guid":{"rendered":"https:\/\/www.deliziedellealpi.it\/?post_type=product&#038;p=1399"},"modified":"2024-12-09T10:12:07","modified_gmt":"2024-12-09T10:12:07","slug":"alpe-pragas-mostarda-ai-fichi-e-pomodori-verdi","status":"publish","type":"product","link":"https:\/\/www.deliziedellealpi.it\/fr\/product\/alpe-pragas-mostarda-ai-fichi-e-pomodori-verdi\/","title":{"rendered":"Alpe Pragas - Moutarde aux figues et tomates vertes"},"content":{"rendered":"<h2 style=\"text-align: center;\">Scheda Tecnica &#8211; Mostarda ai Fichi e Pomodori Verdi<\/h2>\n<p><img fetchpriority=\"high\" decoding=\"async\" class=\"aligncenter size-full wp-image-1405\" src=\"https:\/\/www.deliziedellealpi.it\/wp-content\/uploads\/2020\/12\/scheda_alpe_mostarda_fichi.jpg\" alt=\"\" width=\"871\" height=\"600\" srcset=\"https:\/\/www.deliziedellealpi.it\/wp-content\/uploads\/2020\/12\/scheda_alpe_mostarda_fichi.jpg 871w, https:\/\/www.deliziedellealpi.it\/wp-content\/uploads\/2020\/12\/scheda_alpe_mostarda_fichi-300x207.jpg 300w, https:\/\/www.deliziedellealpi.it\/wp-content\/uploads\/2020\/12\/scheda_alpe_mostarda_fichi-768x529.jpg 768w, https:\/\/www.deliziedellealpi.it\/wp-content\/uploads\/2020\/12\/scheda_alpe_mostarda_fichi-16x12.jpg 16w, https:\/\/www.deliziedellealpi.it\/wp-content\/uploads\/2020\/12\/scheda_alpe_mostarda_fichi-600x413.jpg 600w\" sizes=\"(max-width: 871px) 100vw, 871px\" \/><\/p>","protected":false},"excerpt":{"rendered":"<p>Nos recettes sont des d\u00e9lices authentiques m\u00eame pour les palais les plus g\u00e2t\u00e9s. Les combinaisons d\u00e9licieuses et harmonieuses de diff\u00e9rents types de fruits et l\u00e9gumes sont perfectionn\u00e9es avec passion et intuition et agr\u00e9ment\u00e9es d'\u00e9pices exotiques. Nos moutardes ne sont pas simplement \u00e9pic\u00e9es, mais la symbiose parfaite de diff\u00e9rents ar\u00f4mes. Des \u00e9pices s\u00e9lectionn\u00e9es assurent leur go\u00fbt exotique et extr\u00eamement agr\u00e9able.<br \/>\n<strong>Figues et tomates vertes<\/strong><br \/>\nSp\u00e9cialit\u00e9s de fruits \u00e0 base de tomates vertes m\u00fbres et de figues cueillies \u00e0 la main, d'un peu de sucre, d'un soup\u00e7on de jus de citron, de gingembre, de grains de moutarde et d'une pinc\u00e9e de clou de girofle et de piment. Nos moutardes sont conserv\u00e9es par une pasteurisation minutieuse et sont exemptes de conservateurs et de colorants.<br \/>\n<strong>Nos conseils<\/strong><br \/>\nId\u00e9al pour les fromages affin\u00e9s au lait de vache et de brebis et les fromages de montagne cors\u00e9s.<\/p>","protected":false},"featured_media":1404,"comment_status":"open","ping_status":"closed","template":"","meta":{"site-sidebar-layout":"default","site-content-layout":"default","ast-site-content-layout":"default","site-content-style":"default","site-sidebar-style":"default","ast-global-header-display":"","ast-banner-title-visibility":"","ast-main-header-display":"","ast-hfb-above-header-display":"","ast-hfb-below-header-display":"","ast-hfb-mobile-header-display":"","site-post-title":"","ast-breadcrumbs-content":"","ast-featured-img":"","footer-sml-layout":"","ast-disable-related-posts":"","theme-transparent-header-meta":"default","adv-header-id-meta":"","stick-header-meta":"default","header-above-stick-meta":"","header-main-stick-meta":"","header-below-stick-meta":"","astra-migrate-meta-layouts":"default","ast-page-background-enabled":"default","ast-page-background-meta":{"desktop":{"background-color":"","background-image":"","background-repeat":"repeat","background-position":"center center","background-size":"auto","background-attachment":"scroll","background-type":"","background-media":"","overlay-type":"","overlay-color":"","overlay-opacity":"","overlay-gradient":""},"tablet":{"background-color":"","background-image":"","background-repeat":"repeat","background-position":"center center","background-size":"auto","background-attachment":"scroll","background-type":"","background-media":"","overlay-type":"","overlay-color":"","overlay-opacity":"","overlay-gradient":""},"mobile":{"background-color":"","background-image":"","background-repeat":"repeat","background-position":"center center","background-size":"auto","background-attachment":"scroll","background-type":"","background-media":"","overlay-type":"","overlay-color":"","overlay-opacity":"","overlay-gradient":""}},"ast-content-background-meta":{"desktop":{"background-color":"var(--ast-global-color-5)","background-image":"","background-repeat":"repeat","background-position":"center center","background-size":"auto","background-attachment":"scroll","background-type":"","background-media":"","overlay-type":"","overlay-color":"","overlay-opacity":"","overlay-gradient":""},"tablet":{"background-color":"var(--ast-global-color-5)","background-image":"","background-repeat":"repeat","background-position":"center center","background-size":"auto","background-attachment":"scroll","background-type":"","background-media":"","overlay-type":"","overlay-color":"","overlay-opacity":"","overlay-gradient":""},"mobile":{"background-color":"var(--ast-global-color-5)","background-image":"","background-repeat":"repeat","background-position":"center center","background-size":"auto","background-attachment":"scroll","background-type":"","background-media":"","overlay-type":"","overlay-color":"","overlay-opacity":"","overlay-gradient":""}}},"product_brand":[],"product_cat":[31,33],"product_tag":[],"class_list":["post-1399","product","type-product","status-publish","has-post-thumbnail","product_cat-alpe-pragas","product_cat-mostarde","desktop-align-left","tablet-align-left","mobile-align-left","ast-product-gallery-layout-horizontal-slider","ast-product-tabs-layout-horizontal","first","outofstock","taxable","shipping-taxable","purchasable","product-type-simple"],"jetpack_sharing_enabled":true,"_links":{"self":[{"href":"https:\/\/www.deliziedellealpi.it\/fr\/wp-json\/wp\/v2\/product\/1399","targetHints":{"allow":["GET"]}}],"collection":[{"href":"https:\/\/www.deliziedellealpi.it\/fr\/wp-json\/wp\/v2\/product"}],"about":[{"href":"https:\/\/www.deliziedellealpi.it\/fr\/wp-json\/wp\/v2\/types\/product"}],"replies":[{"embeddable":true,"href":"https:\/\/www.deliziedellealpi.it\/fr\/wp-json\/wp\/v2\/comments?post=1399"}],"wp:featuredmedia":[{"embeddable":true,"href":"https:\/\/www.deliziedellealpi.it\/fr\/wp-json\/wp\/v2\/media\/1404"}],"wp:attachment":[{"href":"https:\/\/www.deliziedellealpi.it\/fr\/wp-json\/wp\/v2\/media?parent=1399"}],"wp:term":[{"taxonomy":"product_brand","embeddable":true,"href":"https:\/\/www.deliziedellealpi.it\/fr\/wp-json\/wp\/v2\/product_brand?post=1399"},{"taxonomy":"product_cat","embeddable":true,"href":"https:\/\/www.deliziedellealpi.it\/fr\/wp-json\/wp\/v2\/product_cat?post=1399"},{"taxonomy":"product_tag","embeddable":true,"href":"https:\/\/www.deliziedellealpi.it\/fr\/wp-json\/wp\/v2\/product_tag?post=1399"}],"curies":[{"name":"wp","href":"https:\/\/api.w.org\/{rel}","templated":true}]}}

<p>Nos recettes sont des délices authentiques même pour les palais les plus gâtés. Les combinaisons délicieuses et harmonieuses de différents types de fruits et légumes sont perfectionnées avec passion et intuition et agrémentées d'épices exotiques. Nos moutardes ne sont pas simplement épicées, mais la symbiose parfaite de différents arômes. Des épices sélectionnées assurent leur goût exotique et extrêmement agréable.<br />
<strong>Figues et tomates vertes</strong><br />
Spécialités de fruits à base de tomates vertes mûres et de figues cueillies à la main, d'un peu de sucre, d'un soupçon de jus de citron, de gingembre, de grains de moutarde et d'une pincée de clou de girofle et de piment. Nos moutardes sont conservées par une pasteurisation minutieuse et sont exemptes de conservateurs et de colorants.<br />
<strong>Nos conseils</strong><br />
Idéal pour les fromages affinés au lait de vache et de brebis et les fromages de montagne corsés.</p>
