{"id":1348,"date":"2020-11-20T21:53:03","date_gmt":"2020-11-20T21:53:03","guid":{"rendered":"https:\/\/www.deliziedellealpi.it\/?post_type=product&#038;p=1348"},"modified":"2024-12-09T10:16:08","modified_gmt":"2024-12-09T10:16:08","slug":"alpe-pragas-composta-di-frutta-al-mirtillo-rosso","status":"publish","type":"product","link":"https:\/\/www.deliziedellealpi.it\/fr\/product\/alpe-pragas-composta-di-frutta-al-mirtillo-rosso\/","title":{"rendered":"Alpe Pragas &#8211; Composta di Frutta al Mirtillo Rosso da 335 gr."},"content":{"rendered":"<h2 style=\"text-align: center;\">Scheda Tecnica &#8211; Composta di Frutta al Mirtillo Rosso<\/h2>\n<p><img fetchpriority=\"high\" decoding=\"async\" class=\"aligncenter size-full wp-image-1355\" src=\"https:\/\/www.deliziedellealpi.it\/wp-content\/uploads\/2020\/11\/scheda_alpe_mirtillorosso.jpg\" alt=\"\" width=\"871\" height=\"600\" srcset=\"https:\/\/www.deliziedellealpi.it\/wp-content\/uploads\/2020\/11\/scheda_alpe_mirtillorosso.jpg 871w, https:\/\/www.deliziedellealpi.it\/wp-content\/uploads\/2020\/11\/scheda_alpe_mirtillorosso-300x207.jpg 300w, https:\/\/www.deliziedellealpi.it\/wp-content\/uploads\/2020\/11\/scheda_alpe_mirtillorosso-768x529.jpg 768w, https:\/\/www.deliziedellealpi.it\/wp-content\/uploads\/2020\/11\/scheda_alpe_mirtillorosso-16x12.jpg 16w, https:\/\/www.deliziedellealpi.it\/wp-content\/uploads\/2020\/11\/scheda_alpe_mirtillorosso-600x413.jpg 600w\" sizes=\"(max-width: 871px) 100vw, 871px\" \/><\/p>","protected":false},"excerpt":{"rendered":"<p>Nos confitures de fruits.<br \/>\nNos compotes de fruits.\nUne grande vari\u00e9t\u00e9 de merveilleux plaisirs de fruits et de fra\u00eecheur naturelle. R\u00e9interpr\u00e9t\u00e9 selon des recettes ancestrales de la maison et \u00e9labor\u00e9 dans notre laboratoire avec des techniques d\u00e9licates et respectueuses, pour le plus grand plaisir de tous les gourmets. Nos compotes de fruits se caract\u00e9risent par leurs ar\u00f4mes fruit\u00e9s, leur go\u00fbt authentique, leur faible teneur en sucre et leur faible teneur en calories.<br \/>\n<strong>Saveur de airelle rouge<\/strong><br \/>\nSp\u00e9cialit\u00e9 de fruits \u00e0 base de airelles rouges m\u00fbres cueillies \u00e0 la main, d'un peu de sucre et d'un soup\u00e7on de jus de citron. Nos compotes de fruits sont conserv\u00e9es par une pasteurisation minutieuse et sont exemptes de conservateurs et de colorants.<br \/>\n<strong>Nos conseils<br \/>\n<\/strong>Excellent pour le petit d\u00e9jeuner sur du pain, avec du yaourt nature ou pour raffiner les desserts.<\/p>","protected":false},"featured_media":1354,"comment_status":"open","ping_status":"closed","template":"","meta":{"site-sidebar-layout":"default","site-content-layout":"default","ast-site-content-layout":"default","site-content-style":"default","site-sidebar-style":"default","ast-global-header-display":"","ast-banner-title-visibility":"","ast-main-header-display":"","ast-hfb-above-header-display":"","ast-hfb-below-header-display":"","ast-hfb-mobile-header-display":"","site-post-title":"","ast-breadcrumbs-content":"","ast-featured-img":"","footer-sml-layout":"","ast-disable-related-posts":"","theme-transparent-header-meta":"default","adv-header-id-meta":"","stick-header-meta":"default","header-above-stick-meta":"","header-main-stick-meta":"","header-below-stick-meta":"","astra-migrate-meta-layouts":"default","ast-page-background-enabled":"default","ast-page-background-meta":{"desktop":{"background-color":"","background-image":"","background-repeat":"repeat","background-position":"center center","background-size":"auto","background-attachment":"scroll","background-type":"","background-media":"","overlay-type":"","overlay-color":"","overlay-opacity":"","overlay-gradient":""},"tablet":{"background-color":"","background-image":"","background-repeat":"repeat","background-position":"center center","background-size":"auto","background-attachment":"scroll","background-type":"","background-media":"","overlay-type":"","overlay-color":"","overlay-opacity":"","overlay-gradient":""},"mobile":{"background-color":"","background-image":"","background-repeat":"repeat","background-position":"center center","background-size":"auto","background-attachment":"scroll","background-type":"","background-media":"","overlay-type":"","overlay-color":"","overlay-opacity":"","overlay-gradient":""}},"ast-content-background-meta":{"desktop":{"background-color":"var(--ast-global-color-5)","background-image":"","background-repeat":"repeat","background-position":"center center","background-size":"auto","background-attachment":"scroll","background-type":"","background-media":"","overlay-type":"","overlay-color":"","overlay-opacity":"","overlay-gradient":""},"tablet":{"background-color":"var(--ast-global-color-5)","background-image":"","background-repeat":"repeat","background-position":"center center","background-size":"auto","background-attachment":"scroll","background-type":"","background-media":"","overlay-type":"","overlay-color":"","overlay-opacity":"","overlay-gradient":""},"mobile":{"background-color":"var(--ast-global-color-5)","background-image":"","background-repeat":"repeat","background-position":"center center","background-size":"auto","background-attachment":"scroll","background-type":"","background-media":"","overlay-type":"","overlay-color":"","overlay-opacity":"","overlay-gradient":""}}},"product_brand":[],"product_cat":[31,32],"product_tag":[],"class_list":["post-1348","product","type-product","status-publish","has-post-thumbnail","product_cat-alpe-pragas","product_cat-composte","desktop-align-left","tablet-align-left","mobile-align-left","ast-product-gallery-layout-horizontal-slider","ast-product-single-variable","ast-product-tabs-layout-horizontal","first","outofstock","taxable","shipping-taxable","purchasable","product-type-variable"],"jetpack_sharing_enabled":true,"_links":{"self":[{"href":"https:\/\/www.deliziedellealpi.it\/fr\/wp-json\/wp\/v2\/product\/1348","targetHints":{"allow":["GET"]}}],"collection":[{"href":"https:\/\/www.deliziedellealpi.it\/fr\/wp-json\/wp\/v2\/product"}],"about":[{"href":"https:\/\/www.deliziedellealpi.it\/fr\/wp-json\/wp\/v2\/types\/product"}],"replies":[{"embeddable":true,"href":"https:\/\/www.deliziedellealpi.it\/fr\/wp-json\/wp\/v2\/comments?post=1348"}],"wp:featuredmedia":[{"embeddable":true,"href":"https:\/\/www.deliziedellealpi.it\/fr\/wp-json\/wp\/v2\/media\/1354"}],"wp:attachment":[{"href":"https:\/\/www.deliziedellealpi.it\/fr\/wp-json\/wp\/v2\/media?parent=1348"}],"wp:term":[{"taxonomy":"product_brand","embeddable":true,"href":"https:\/\/www.deliziedellealpi.it\/fr\/wp-json\/wp\/v2\/product_brand?post=1348"},{"taxonomy":"product_cat","embeddable":true,"href":"https:\/\/www.deliziedellealpi.it\/fr\/wp-json\/wp\/v2\/product_cat?post=1348"},{"taxonomy":"product_tag","embeddable":true,"href":"https:\/\/www.deliziedellealpi.it\/fr\/wp-json\/wp\/v2\/product_tag?post=1348"}],"curies":[{"name":"wp","href":"https:\/\/api.w.org\/{rel}","templated":true}]}}

<p>Nos confitures de fruits.<br />
Nos compotes de fruits.
Une grande variété de merveilleux plaisirs de fruits et de fraîcheur naturelle. Réinterprété selon des recettes ancestrales de la maison et élaboré dans notre laboratoire avec des techniques délicates et respectueuses, pour le plus grand plaisir de tous les gourmets. Nos compotes de fruits se caractérisent par leurs arômes fruités, leur goût authentique, leur faible teneur en sucre et leur faible teneur en calories.<br />
<strong>Saveur de airelle rouge</strong><br />
Spécialité de fruits à base de airelles rouges mûres cueillies à la main, d'un peu de sucre et d'un soupçon de jus de citron. Nos compotes de fruits sont conservées par une pasteurisation minutieuse et sont exemptes de conservateurs et de colorants.<br />
<strong>Nos conseils<br />
</strong>Excellent pour le petit déjeuner sur du pain, avec du yaourt nature ou pour raffiner les desserts.</p>
